- 14*a - 1. Give j(-7).
-1
Let y(f) = 4*f + 41. Determine y(-10).
1
Let o(m) = -2*m**3 + 25*m**2 - 10*m + 16. Calculate o(12).
40
Let g(c) = -c**3 + 3*c**2 + 3*c + 3. Calculate g(3).
12
Let g(n) = n**2 + 6*n - 20. Calculate g(9).
115
Let y(c) = -2*c - 57. Give y(-27).
-3
Let k(g) = g**2 - 25*g + 40. Determine k(23).
-6
Let y(q) = q**2 + 21. What is y(0)?
21
Let c(g) = 3*g + 3. Give c(0).
3
Let b(p) = p**3 + 6. Calculate b(0).
6
Let z(v) = -v**3 - 6*v**2 + 5*v + 2. Determine z(-7).
16
Let n(j) = 4*j**2 - j - 18. What is n(-5)?
87
Let j(s) = 25*s**3 + 5*s**2 + 8*s + 2. Calculate j(-1).
-26
Let h(d) = 2*d**2 + 5*d + 6. Calculate h(-6).
48
Let z(p) = 211*p + 1. Determine z(1).
212
Let z(j) = j**2 + 17*j - 173. Determine z(-24).
-5
Let v(c) = -7*c. Give v(6).
-42
Let k(z) = -2*z**2 + 16*z - 21. What is k(11)?
-87
Let o(r) = -8*r**3 - 4*r**2 - 5*r - 2. Calculate o(-1).
7
Let r(y) = y**2 + 6*y + 2. Determine r(-6).
2
Let g(j) = j**2 - 5*j - 9. Give g(-8).
95
Let m(f) = f**3 + f**2 - f - 13. Calculate m(0).
-13
Let p(b) = -3*b**3 + 8*b**2 + 6*b - 1. Determine p(5).
-146
Let k(s) = -16*s**3 - s**2 + s - 1. What is k(1)?
-17
Let y(t) = 12*t + 1. Calculate y(2).
25
Let f(m) = -m**3 + 3*m**2 + 8*m + 2. What is f(4)?
18
Let p(j) = -j + 7. Determine p(-13).
20
Let t(o) = o**3 - 32*o**2 - 33*o - 5. Calculate t(33).
-5
Let x(n) = n**2 + 48*n + 6. Calculate x(-48).
6
Let x(u) = u**2 + 3*u + 8. Calculate x(-6).
26
Let x(o) = o**2 + 3. Calculate x(-7).
52
Let x(m) = 24*m + 518. Determine x(-22).
-10
Let q(p) = p**3 - 2*p - 4. Determine q(-3).
-25
Let o(i) = 3*i + 13. What is o(-6)?
-5
Let r(t) = -13*t - 20. What is r(-4)?
32
Let r(o) = 2*o**2 - 8*o - 6. Give r(-1).
4
Let p(i) = i**3 - 15*i**2 + 51*i - 2. Give p(5).
3
Let l(h) = h**3 + 2*h**2 - 6*h + 6. Determine l(-5).
-39
Let n(q) = q**2 - 9*q - 7. Give n(8).
-15
Let y(u) = -8*u + 24. Determine y(7).
-32
Let c(y) = 2*y + 19. Give c(-13).
-7
Let i(u) = 2*u - 31. Calculate i(10).
-11
Let q(a) = a**2 + 7*a - 6. Calculate q(-7).
-6
Let f(c) = 2*c**3 + 11*c**2 - 3*c + 7. Determine f(-6).
-11
Let x(r) = 2*r - 46. What is x(18)?
-10
Let p(w) = -6*w + 1. What is p(4)?
-23
Let t(y) = -y**3 - 4*y**2 + 16*y + 34. What is t(-2)?
-6
Let z(g) = -4*g - 99. Calculate z(-24).
-3
Let q(j) = -3*j**2 + 26*j + 3. Determine q(9).
-6
Let o(b) = -2*b**2 + 10*b - 1. Determine o(4).
7
Let a(b) = -56*b - 9. Determine a(3).
-177
Let o(u) = 4*u**2 + 60*u - 3. Give o(-15).
-3
Let j(v) = v**2 - 11*v. What is j(11)?
0
Let b(s) = -2*s + 17. Determine b(5).
7
Let r(j) = 3*j - 2. Calculate r(-4).
-14
Let z(w) = w**3 + 31*w**2 - 4*w - 66. Calculate z(-31).
58
Let x(n) = n**3 - 2*n**2 - 5*n - 4. What is x(-2)?
-10
Let g(d) = -3*d - 6. Determine g(-1).
-3
Let b(q) = q**3 + 8*q - 7. Give b(4).
89
Let z(c) = 40*c + 639. What is z(-16)?
-1
Let v(p) = -p**3 - 13*p**2 - 11*p + 10. Calculate v(-12).
-2
Let n(t) = -t**3 - 4*t**2 + 9*t + 1. What is n(-6)?
19
Let k(s) = 8*s - 2. Calculate k(3).
22
Let h(k) = -k**2 + 9*k. Give h(9).
0
Let a(j) = -j**2 - 6*j - 1. Give a(-5).
4
Let p(s) = -2*s**2 - 19*s + 20. What is p(-10)?
10
Let b(p) = -p**3 + 36*p**2 - 32*p - 76. What is b(35)?
29
Let s(i) = i**2 - 4*i + 5. What is s(3)?
2
Let g(b) = -b - 2. Give g(-6).
4
Let w(d) = -17*d**3 + 1. Determine w(1).
-16
Let y(m) = 4*m - 6. Calculate y(-2).
-14
Let l(s) = -s**3 - s**2 + 2*s - 8. Determine l(0).
-8
Let o(a) = a**2 + 20*a + 22. Calculate o(-16).
-42
Let y(h) = -h**2 - h + 21. Determine y(4).
1
Let w(f) = -f**2 - 16*f + 54. Give w(3).
-3
Let i(y) = 2*y + 4. What is i(-4)?
-4
Let w(o) = -o - 18. Calculate w(8).
-26
Let m(v) = -10*v + 36. What is m(3)?
6
Let p(n) = -n**3 + 14*n**2 + 3*n + 3. Give p(14).
45
Let a(p) = 8*p + 50. Determine a(-6).
2
Let d(z) = 6*z - 29. What is d(3)?
-11
Let n(t) = -t**2 + 17*t - 31. Give n(14).
11
Let j(b) = b**2 - 9*b - 1. Calculate j(7).
-15
Let z(p) = -2*p**2 + 8*p + 9. Determine z(11).
-145
Let l(g) = g**3 - 3*g**2 - 7*g - 1. What is l(4)?
-13
Let u(n) = -n**3 + 19*n**2. Determine u(19).
0
Let y(s) = -s**3 + 3*s**2 + 10*s. Determine y(5).
0
Let a(q) = 8*q**2 - 2*q - 4. Calculate a(3).
62
Let f(m) = -m**3 - m**2 - 5. Determine f(-2).
-1
Let f(y) = 12*y + 66. Calculate f(-5).
6
Let r(y) = -y**3 - 7*y**2 - 2*y - 7. Determine r(-7).
7
Let g(s) = s**3 - 13*s**2 + 13*s - 45. Calculate g(11).
-144
Let m(s) = -4*s + 10. Give m(9).
-26
Let l(j) = -j**2 - 6*j + 6. Determine l(-6).
6
Let x(j) = j**3 - 11*j**2 + 11*j - 15. What is x(10)?
-5
Let w(b) = b + 11. Determine w(-7).
4
Let c(g) = 6*g - 129. What is c(22)?
3
Let g(l) = -l**3 - 6*l**2 + 4*l - 5. Give g(-7).
16
Let p(c) = -c**2 - 5*c - 2. Calculate p(-6).
-8
Let g(m) = -24*m + 171. Give g(8).
-21
Let g(u) = -u**3 - 13*u**2 + 14*u + 10. Give g(-14).
10
Let a(f) = f**3 + 17*f**2 - f - 10. What is a(-17)?
7
Let h(w) = -w + 40. Calculate h(7).
33
Let w(m) = -m**3 - 4*m**2 + 10*m - 6. Calculate w(-6).
6
Let u(d) = 10*d + 84. Determine u(-9).
-6
Let o(k) = k - 7. What is o(-6)?
-13
Let l(g) = 2*g**3 - 24*g**2 + 41*g + 4. Determine l(10).
14
Let v(y) = 16*y**3 + 2*y + 2. What is v(-1)?
-16
Let h(n) = -n**2 + 5*n + 2. Give h(7).
-12
Let a(b) = b**3 - b**2 - 30*b + 5. Calculate a(-5).
5
Let b(t) = -t**2 + 50. Give b(0).
50
Let w(c) = -19*c + 73. Give w(6).
-41
Let n(s) = s**3 - 9*s**2 + 4*s - 140. Give n(10).
0
Let h(z) = -z**2 + 7*z - 1. Give h(7).
-1
Let u(f) = 8*f - 23. What is u(11)?
65
Let o(m) = -17*m**2 + 3*m + 3. Give o(-1).
-17
Let s(j) = j**2 - 5*j. Determine s(4).
-4
Let u(g) = -g - 8. Give u(-8).
0
Let a(m) = -22*m + 220. Calculate a(10).
0
Let w(k) = -23*k + 850. Determine w(37).
-1
Let h(c) = -38*c**3 - 2*c**2 - c + 2. Calculate h(1).
-39
Let i(f) = 2*f**2 - 6*f + 3. Determine i(3).
3
Let p(x) = x**2 - 22*x + 83. Give p(6).
-13
Let q(u) = 3*u + 17. Give q(-6).
-1
Let d(n) = -n**2 + 3*n + 20. Determine d(9).
-34
Let d(x) = -2*x + 16. Determine d(1).
14
Let n(h) = -2*h**2 + 4*h + 3. Calculate n(5).
-27
Let b(t) = -t**3 + 20*t**2 + t - 13. Calculate b(20).
7
Let v(n) = -n**2 + 12*n - 10. Calculate v(12).
-10
Let n(k) = k**2 - k - 25. Calculate n(5).
-5
Let x(w) = 13*w + 223. Give x(-18).
-11
Let t(o) = 3*o**3 - 71*o**2 + 45*o + 16. What is t(23)?
-7
Let i(g) = -6*g + 120. Give i(21).
-6
Let m(t) = -t - 27. Calculate m(0).
-27
Let p(i) = -i**3 - 12*i**2 - 10*i + 14. What is p(-11)?
3
Let f(a) = -6*a + 15. Give f(6).
-21
Let z(b) = 2*b**2 + 2*b + 1. Determine z(-1).
1
Let h(g) = g**2 - 20*g - 81. Give h(-4).
15
Let n(k) = k**3 + 11*k**2 - 8*k + 15. Calculate n(-12).
-33
Let i(n) = -n**3 + 10*n**2 - 16*n + 5. Give i(7).
40
Let u(l) = -l**3 - l - 7. What is u(-4)?
61
Let s(i) = 3*i + 8. Calculate s(-11).
-25
Let f(t) = -t**3 - 5*t**2 - 7*t - 6. Give f(-4).
6
Let d(a) = -a**3 - 16*a**2 + 46*a + 186. Determine d(-18).
6
Let a(x) = 80*x - 476. What is a(6)?
4
Let b(r) = r**3 + 4*r**2 - 4*r + 13. Give b(-6).
-35
Let w(p) = 34*p - 150. Give w(5).
20
Let u(z) = -z**2 - 32. Give u(0).
-32
Let j(n) = -8*n + 37. Determine j(10).
-43
Let s(a) = a**3 + 7*a**2 - 7*a - 10. Determine s(-8).
-18
Let p(i) = i - 28. Determine p(7).
-21
Let p(v) = v**2 + 19*v - 38. Determine p(-21).
4
Let l(n) = n**3 + 19*n**2 + 21*n + 11. Determine l(-18).
-43
Let h(n) = -9*n**2 + n + 1. Determine h(-1).
-9
Let b(f) = -f**2 - 2*f + 31. Give b(5).
-4
Let v(x) = 9*x - 100. Calculate v(8).
-28
Let g(f) = -25*f. What is g(2)?
-50
Let y(p) = p**3 + 16*p**2 - 17*p - 15. Determine y(-17).
-15
Let f(g) = 10*g**2 - 14*g + 28. Calculate f(3).
76
Let w(s) = s + 1. What is w(1)?
2
Let s(x) = -x**2 - 3*x + 4. What is s(-7)?
-24
Let b(w) = w**3 + 4*w**2 - w + 7. Give b(-5).
-13
Let o(u) = 9*u**2 + 2*u - 1. Determine o(1).
10
Let g(a) = a**2 + 13*a + 22. Give g(-11).
0
Let c(t) = -t**2 - 15*t - 10. Calculate c(-14).
4
Let c(m) = m**3 + 4*m**2 + 8. Calculate c(-4).
8
Let r(m) = -5*m + 12. Calculate r(7).
-23
Let a(m) = m**2 + 3*m - 20. What is a(3)?
-2
Let b(g) = -g**2 - 12*g + 154. Calculate b(-20).
-6
Let b(k) = -k - 5. Give b(11).
-16
Let p(m) = -39*m**2. Give p(-1).
-39
Let z(s) = 4*s + 5. Determine z(7).
33
Let r(l) = -4*l**3 + 6*l**2 - 9*l + 5. Calculate r(2).
-21
Let s(m) = -2*m**2 - 28*m - 5. Determine s(-15).
-35
Let r(a) = 10*a**2 - 9*a + 18. Determine r(3).
81
Let r(w) = w + 11. What is r(-9)?
2
Let d(v) = -v**3 + 2*v**2 +